f 6819141.
3, 7, 173, 1877
List the prime factors of 15708245.
5, 7, 448807
List the prime factors of 17856208.
2, 191, 5843
List the prime factors of 1412325.
3, 5, 6277
List the prime factors of 48372.
2, 3, 29, 139
What are the prime factors of 16086132?
2, 3, 263, 1699
List the prime factors of 223092.
2, 3, 6197
What are the prime factors of 211192?
2, 26399
List the prime factors of 6866200.
2, 5, 11, 3121
List the prime factors of 330044.
2, 11, 13, 577
What are the prime factors of 203163?
3, 241, 281
List the prime factors of 7866821.
773, 10177
What are the prime factors of 18131120?
2, 5, 7, 32377
List the prime factors of 830908.
2, 13, 19, 29
List the prime factors of 76624.
2, 4789
What are the prime factors of 4626982?
2, 193, 11987
What are the prime factors of 2588936?
2, 7, 83, 557
What are the prime factors of 1285036?
2, 113, 2843
What are the prime factors of 83668?
2, 13, 1609
What are the prime factors of 14093759?
14093759
What are the prime factors of 5207936?
2, 23, 29, 61
List the prime factors of 2819088.
2, 3, 19577
What are the prime factors of 3428377?
71, 109, 443
List the prime factors of 495896.
2, 61987
List the prime factors of 20607041.
7, 13, 226451
What are the prime factors of 148464?
2, 3, 1031
What are the prime factors of 264007?
264007
List the prime factors of 3293614.
2, 17, 73, 1327
What are the prime factors of 351921?
3, 117307
What are the prime factors of 2268615?
3, 5, 151241
List the prime factors of 3230611.
89, 36299
List the prime factors of 456132.
2, 3, 38011
What are the prime factors of 6861?
3, 2287
What are the prime factors of 236956?
2, 59239
What are the prime factors of 5470187?
5470187
List the prime factors of 2169856.
2, 13, 163
What are the prime factors of 126851?
126851
What are the prime factors of 2050473?
3, 23, 29717
List the prime factors of 1168062.
2, 3, 7, 29, 137
List the prime factors of 16909990.
2, 5, 59, 28661
What are the prime factors of 655216?
2, 31, 1321
List the prime factors of 1503272.
2, 187909
List the prime factors of 963375.
3, 5, 7, 367
What are the prime factors of 13371326?
2, 19, 23, 15299
List the prime factors of 109456.
2, 6841
List the prime factors of 8141148.
2, 3, 25127
List the prime factors of 503817.
3, 29, 5791
What are the prime factors of 54905?
5, 79, 139
What are the prime factors of 349015?
5, 29, 83
List the prime factors of 5628639.
3, 29, 31, 2087
What are the prime factors of 121750?
2, 5, 487
What are the prime factors of 4842252?
2, 3, 134507
What are the prime factors of 1627484?
2, 251, 1621
List the prime factors of 18607050.
2, 3, 5, 7, 11, 179
What are the prime factors of 7880904?
2, 3, 23, 4759
What are the prime factors of 159380?
2, 5, 13, 613
What are the prime factors of 277655?
5, 7, 7933
List the prime factors of 7109834.
2, 619, 5743
What are the prime factors of 41151?
3, 11, 29, 43
What are the prime factors of 161832?
2, 3, 11, 613
List the prime factors of 191261.
7, 89, 307
List the prime factors of 12092018.
2, 19, 318211
List the prime factors of 186424.
2, 7, 3329
What are the prime factors of 3237171?
3, 7, 139, 1109
List the prime factors of 9081220.
2, 5, 454061
What are the prime factors of 4192108?
2, 1048027
What are the prime factors of 1240542?
2, 3, 22973
What are the prime factors of 205749?
3, 22861
What are the prime factors of 1441269?
3, 160141
List the prime factors of 1026292.
2, 47, 53, 103
What are the prime factors of 1647548?
2, 7, 29, 2029
What are the prime factors of 114218?
2, 13, 23, 191
List the prime factors of 213339.
3, 7, 10159
List the prime factors of 885164.
2, 7, 101, 313
List the prime factors of 142100.
2, 5, 7, 29
What are the prime factors of 14956914?
2, 3, 7, 19, 18743
List the prime factors of 3066978.
2, 3, 511163
What are the prime factors of 2681747?
53, 50599
What are the prime factors of 345109?
345109
What are the prime factors of 6408879?
3, 271, 7883
List the prime factors of 86190.
2, 3, 5, 13, 17
List the prime factors of 1488307.
23, 64709
List the prime factors of 31500708.
2, 3, 19, 23, 6007
List the prime factors of 942708.
2, 3, 13, 6043
List the prime factors of 4244685.
3, 5, 61, 4639
List the prime factors of 7511103.
3, 283, 983
List the prime factors of 7527130.
2, 5, 13, 57901
List the prime factors of 3009.
3, 17, 59
What are the prime factors of 19318366?
2, 37, 261059
What are the prime factors of 37750?
2, 5, 151
What are the prime factors of 537168?
2, 3, 19, 31
What are the prime factors of 797506?
2, 19, 31, 677
List the prime factors of 489335.
5, 7, 11, 31, 41
What are the prime factors of 156889?
151, 1039
What are the prime factors of 7121845?
5, 1424369
List the prime factors of 352395.
3, 5, 41, 191
List the prime factors of 54509.
7, 13, 599
List the prime factors of 666401.
257, 2593
List the prime factors of 5908810.
2, 5, 19, 137, 227
List the prime factors of 2771959.
2771959
List the prime factors of 1460105.
5, 292021
List the prime factors of 36306618.
2, 3, 6051103
List the prime factors of 71568.
2, 3, 7, 71
List the prime factors of 156091.
13, 12007
List the prime factors of 4082027.
4082027
What are the prime factors of 362757?
3, 120919
List the prime factors of 2100348.
2, 3, 41, 1423
What are the prime factors of 3830622?
2, 3, 638437
List the prime factors of 625948.
2, 156487
List the prime factors of 8994680.
2, 5, 109, 2063
List the prime factors of 355603.
23, 15461
What are the prime factors of 1533495?
3, 5, 102233
What are the prime factors of 1084197?
3, 19, 23, 827
What are the prime factors of 24277288?
2, 7, 19, 22817
List the prime factors of 29186657.
113, 173, 1493
List the prime factors of 1787172.
2, 3, 148931
List the prime factors of 3610022.
2, 13, 43, 3229
List the prime factors of 167214.
2, 3, 29, 31
What are the prime factors of 555985?
5, 17, 31, 211
List the prime factors of 455260.
2, 5, 13, 17, 103
List the prime factors of 3302701.
43, 89, 863
What are the prime factors of 502041?
3, 71, 2357
What are the prime factors of 15920048?
2, 23, 43261
What are the prime factors of 1334216?
2, 13, 12829
List the prime factors of 944590.
2, 5, 59, 1601
What are the prime factors of 5969208?
2, 3, 7, 35531
What are the prime factors of 110709?
3, 12301
What are the prime factors of 19543?
19543
What are the prime factors of 63772?
2, 107, 149
List the prime factors of 108615.
3, 5, 13, 557
What are the prime factors of 2178758?
2, 73, 14923
List the prime factors of 7206501.
3, 349, 6883
List the prime factors of 57802.
2, 28901
What are the prime factors of 1062979?
1062979
What are the prime factors of 264877?
17, 15581
List the prime factors of 364767.
3, 13, 47, 199
What are the prime factors of 28060294?
2, 251, 55897
What are the prime factors of 60669?
3, 7, 107
What are the prime factors of 3405252?
2, 3, 283771
List the prime factors of 4332640.
2, 5, 13, 2083
List the prime factors of 14260931.
14260931
What are the prime factors of 321948?
2, 3, 11, 271
List the prime factors of 2412232.
2, 17, 17737
What are the prime factors of 30141?
3, 17, 197
What are the prime factors of 3543295?
5, 7, 67, 1511
What are the prime factors of 7915941?
3, 11, 2423
What are the prime factors of 210522?
2, 3, 13, 2699
List the prime factors of 3480675.
3, 5, 11, 4219
List the prime factors of 113203.
17, 6659
What are the prime factors of 84326?
2, 11, 3833
What are the prime factors of 601168?
2, 37573
What are the prime factors of 5406765?
3, 5, 7, 13, 17, 233
List the prime factors of 10172021.
10172021
What are the prime factors of 62396?
2, 19, 821
List the prime factors of 10164500.
2, 5, 29, 701
What are the prime factors of 2247231?
3, 7, 113, 947
What are the prime factors of 2238303?
3, 746101
List the prime factors of 123989.
123989
What are the prime factors of 527813?
11, 13, 3691
List the prime factors of 2763605.
5, 13, 17, 41, 61
List the prime factors of 49459.
49459
What are the prime factors of 87441?
3, 29147
What are the prime factors of 59149?
59149
What are the prime factors of 5088899?
17, 467, 641
What are the prime factors of 1229539?
73, 16843
List the prime factors of 232013.
232013
List the prime factors of 306116.
2, 103, 743
List the prime factors of 67932.
2, 3,